-114*((-93)/14 + (-19)/(-133)). Let j be (46 - 2)/((-4)/32). Let y = i + j. Is y composite?
False
Let b(f) = -f**3 - 13*f**2 - 14*f - 36. Let v be b(-12). Let c(y) = -10*y**3 - 26*y**2 - 73*y - 29. Is c(v) a composite number?
True
Let g(t) = -5*t**3 - 7*t**2 - 6*t + 3. Let r be 0 - ((-25)/1)/(-5). Let m be g(r). Suppose 7*o = 10*o - m. Is o a composite number?
True
Let q(u) = -10263*u**3 + 9*u**2 + 7*u + 3. Is q(-2) prime?
True
Let n = -19 + 21. Suppose 3*s - n*s = 1. Is (10/6*(13 + 2))/s composite?
True
Let b be -1959*(1 - -2 - (7 - 2)). Let f = b - 2123. Is f composite?
True
Let s be (-4)/30 + (-7099958)/(-285). Suppose 6227 = j - g, -2*g - s = -4*j - 0*j. Is j a prime number?
True
Let r(d) = -7*d + 181. Let g be r(23). Suppose -g*m = -18*m - 5*y - 86757, 43406 = m + 3*y. Is m prime?
True
Suppose 2*c = -b - 5703, -17129 = 3*b + c + c. Let m = -2072 - b. Is m prime?
False
Let o(l) = -l + 19. Let d be o(-24). Let t = d - 40. Suppose 0 = 2*m + k - 4099, -t*m + 779 + 5342 = -4*k. Is m composite?
True
Let d(z) = 1820*z**2 + 87*z - 87. Is d(-8) a composite number?
True
Let u(a) = -35*a**3 + 5*a**2 + 36*a**3 + 3 - 11*a**2 - 9*a + 4*a. Let q be u(4). Let i = q + 92. Is i a prime number?
True
Let x(u) be the second derivative of 0 - 5/6*u**3 + 14*u**2 + 5/3*u**4 - 24*u. Is x(-9) prime?
True
Let p = -665063 + 969714. Is p composite?
False
Let o(z) = -z**2 - 8*z + 11. Let b be o(-9). Suppose -4*f - 4*l = 45332, 4*f + 45326 = -0*f - b*l. Is f/(-22) + (1 - -3) a composite number?
True
Suppose 4*g + 5*z = 197, -4*z + 6*z = 2*g - 76. Let f(u) = 29*u - 126. Is f(g) composite?
True
Let w(g) = -156*g + 573 - 295 - 255. Let s(j) = -j**3 - 2*j**2 + 5*j + 2. Let o be s(-3). Is w(o) composite?
False
Suppose 34996202 = -99*x - 92*x + 177844147. Is x a prime number?
False
Suppose 0 = 3*x + 3*f - 384, 4*x = -11*f + 12*f + 532. Suppose -x*j - 41977 = -145*j. Is j prime?
True
Let u be 11 - ((1 - 7) + 0). Suppose 2177 = -u*y + 18*y. Is y prime?
False
Is (-2708649)/18*(-6)/(9 - 6) a prime number?
True
Let h = 2327 + -1451. Suppose -3*c + h + 1071 = 0. Is c a prime number?
False
Suppose 4 + 56 = 6*d. Suppose -10*h + d = -5*h. Suppose -b - 3*p = -0*p - 730, 4*b = -h*p + 2890. Is b a composite number?
True
Let v be 3*(-6)/(-9)*-23. Let n = -40 - v. Suppose -4*s - 443 = -n*w + 3*w, 300 = 2*w + 2*s. Is w prime?
True
Let d be 1 + -1 + ((-192)/6)/(-8). Suppose -2*x + 2*w = -10204, -d*x = 4*w - 5277 - 15107. Is x composite?
False
Let f = 198 - 218. Let a(l) = l**3 + 28*l**2 - 22*l + 1. Is a(f) prime?
False
Suppose 6*x = 4*a + 3*x - 12121, 4*x + 3014 = a. Let z = a + 2403. Is z a composite number?
False
Let n(a) = -73137*a + 17. Is n(-6) a composite number?
True
Suppose -119*f + 125*f = 48. Suppose -115264 = -f*n - 30056. Is n prime?
True
Suppose -4*z + x = 474778 - 2633827, -5*z = -2*x - 2698815. Is z a composite number?
False
Suppose -p - 3*f = -1900, f + 7656 = 4*p - f. Suppose -2*u = v - 962, -p = -4*u - v - 4*v. Is 14 + -18 + u/1 a prime number?
True
Suppose 0 = -2*h - 3*d + 3538, -2*d - 700 = 2*h - 4236. Let y = 3667 - h. Is y a composite number?
False
Suppose 5*l = 2*i - 967556, 5*i - 764394 = -4*l + 1654397. Is i a composite number?
True
Let t be ((-39)/(-6) + -3)*66. Let f = 117 + t. Suppose -2*r + f = 4*r. Is r a composite number?
True
Suppose -3*m - 4 - 2 = 0, -2*w + 2*m + 20 = 0. Suppose w*v - 105 = v. Is (-3)/(-5) - v/((-75)/4552) a composite number?
False
Is 8/72 - (-102815000)/90 composite?
False
Let k(m) be the first derivative of -m**3 - 3*m**2 + 8*m + 17/2*m**4 - 6. Is k(5) prime?
True
Let r be 410/(-164) - (-26)/4. Suppose -c + 5 = 3. Suppose 0 = -r*l - 5*n + 2203, -c*n = -n + 5. Is l a composite number?
False
Let k = 1645 + 572. Let a = 4662 - 4662. Is 0 + a + (-5)/((-15)/k) a prime number?
True
Let h(j) = -4438*j + 247. Is h(-2) a prime number?
False
Let k be (28/20)/((-1)/(-5)). Suppose k*d - 11219 - 34848 = 0. Is d a composite number?
False
Let f be -5*5*3/15 - -5. Is f + 0 - (-9547 + (7 - 7)) a prime number?
True
Let k = 499 - 531. Is 13 + -8 + 317/(-2)*k a composite number?
False
Let a = 48824 - 34596. Let j = -2079 + a. Is j composite?
False
Let j = -83 + 112. Suppose j*p = 32*p + 3378. Is ((-1)/2)/((-2251)/p - 2) a prime number?
True
Let o(l) = -9465*l + 36. Let y(f) = 9466*f - 37. Let g(t) = 6*o(t) + 5*y(t). Is g(-2) a composite number?
True
Let o(p) = p - 1. Let u(g) = -6*g + 16. Let i(w) = 8*o(w) + u(w). Let h be i(-4). Is 838 + (-1 + h)*-3 a composite number?
True
Let b = -1300930 + 1917839. Is b a composite number?
False
Let z(d) = 52*d**2 + 10*d - 105. Is z(9) a prime number?
False
Suppose -4 = 2*b, -3*r + 0*b = -5*b - 100. Let x = -712 + 2734. Suppose 24*p + x = r*p. Is p prime?
True
Let o(k) = k**3 - 5*k**2 - 5*k + 19. Let h be o(5). Let l be (-4)/h - (-1986)/(-9). Is (0 - 2/5)/(4/l) composite?
True
Let k = -4917 - -4919. Let r(u) = -1 + 110*u + 81*u - 8. Is r(k) a prime number?
True
Let b = -69 - -75. Suppose -b*n - 10 = -8*n. Suppose -2*d = n*p - 959, 5*p - 847 = 4*d + 100. Is p a composite number?
False
Suppose -3*v = 4*j - 103920 + 6033, -2*j + 48947 = 5*v. Suppose 31*z = 40*z - j. Is z a prime number?
True
Suppose -5*u = -t + 5*t - 117011, -117015 = -5*u - 5*t. Is u a composite number?
False
Suppose -258010*h = -258028*h + 6154398. Is h composite?
False
Suppose 9*v = -22*v - 0*v + 5739929. Is v a prime number?
False
Let y(l) = l**2 - l - 3. Let i be y(-1). Let n(t) = -2647*t**3 + t**2 - t - 2. Is n(i) a composite number?
False
Suppose 88*s - 336 = 80*s. Is (-279226)/(-70) + s/735 composite?
False
Let b = 878133 + -150356. Is b a prime number?
True
Suppose 0 = 48*h - 7*h - 374190 + 75751. Is h a composite number?
True
Let h be 3/12 - 61215/60. Let k = 3641 - h. Is k composite?
True
Let t(z) be the first derivative of 19*z**3/3 + 3*z**2/2 + 19*z + 31. Is t(-5) composite?
False
Let a(g) be the first derivative of 354*g**2 + 5*g - 19. Let f be a(6). Let d = -1354 + f. Is d prime?
False
Let a = -388 - -390. Suppose -2*y = a*i - 136 + 10, -4*i - 16 = 0. Is y a composite number?
False
Let v(x) = -x**3 - 6*x**2 - 3*x - 9. Let p be v(-6). Suppose 15*n = 14*n - p. Is (210/n)/7*(-579)/2 prime?
False
Let y(j) = 2*j**2 - 6*j - 11. Let m be y(5). Suppose 25 = 5*f, m*o = 4*o - f + 8280. Is o prime?
False
Suppose -4*p - 8*l + 8886 = -6*l, 4*p - 2*l = 8890. Suppose 0 = 14*f + p - 26848. Is f prime?
True
Let b(a) = a + 1 + 4 - 7 - 1. Let i be b(10). Suppose f - 3032 = -i*f. Is f a prime number?
True
Is (-1250)/500*4440868/(-10) a prime number?
False
Is 14033538/162 - 4/(-18) composite?
False
Is (0 - 156197)/(20/(-28) - 36/126) composite?
True
Let n(i) = 2*i**2 + 58*i + 39. Let p be n(-27). Is (-398774)/p + 3/(-9) composite?
False
Let s(y) = -2*y**3 + 5*y**2 - 84*y - 47. Is s(-14) a prime number?
False
Suppose 2*v = 2*b - 3212, -5*b + 0*v + 3*v = -8038. Let n = b + 339. Is n a prime number?
True
Suppose -5808 = -3*c + 4539. Suppose -79*i + 357 = 120. Suppose 0 = 3*m - p - c, 0 = -i*m + 2*m + 5*p + 1131. Is m a composite number?
False
Suppose 5*z + 2*i = 239, 2*i + 162 = 3*z - 3*i. Let u(b) = z*b + 26*b + 73 - 111. Is u(15) prime?
True
Let g = -42017 - -73030. Is g a composite number?
False
Let u = -2340791 - -3281008. Is u composite?
True
Let k = 267 - 281. Is 1/((-1263432)/(-2210712) - (-8)/k) a composite number?
False
Let k = 90600 - -135997. Is k a prime number?
False
Let w(u) = 118*u**3 - 18*u**2 - 38*u + 109. Is w(11) composite?
False
Let x = -353266 - -522255. Is x a composite number?
True
Let r = 332277 - 117836. Is r a prime number?
False
Let i(c) = 2433*c**3 + 1804*c**3 + c**2 - 3*c**2 + 21*c - 16 - 4 - 893*c**3. Is i(1) a composite number?
False
Let o(m) = -458*m**3 - 23*m**2 - 186*m + 16. Is o(-9) prime?
False
Suppose 7*n - 3*n = 312. Let i = 160 - n. Is i a prime number?
False
Let v be (-2)/22*-57275 + (-4)/(-22). Suppose 17*s = 16*s + v. Is s composite?
True
Let f(q) = -6*q**2 + 55*q - 6. Let u be f(9). Suppose 5*t + l - 2*l - 5830 = 0, -4683 = -4*t - u*l. Is t composite?
True
Let a = -881 + 880. Is 41/82*((-34423)/(-1) + a) a composite number?
True
Suppose -45*l = -43*l - 2*h - 134542, -336391 = -5*l - 7*h. Is l prime?
False
Suppose -33334 = i - 2*n - 130449, -2*n + 388470 = 4*i. Is i prime?
True
Let y = -4715 + 3369. Let q be (-5066)/4*1*